multiple of 12?
False
Is 3102336 a multiple of 288?
True
Is 8 a factor of 526928?
True
Does 28 divide 354244?
False
Is 657180 a multiple of 180?
True
Is 726944 a multiple of 34?
False
Is 12 a factor of 64893?
False
Is 353533 a multiple of 8?
False
Is 22 a factor of 19798?
False
Is 123469 a multiple of 4?
False
Is 2925466 a multiple of 18?
False
Does 126 divide 185724?
True
Does 10 divide 2059999?
False
Is 194980 a multiple of 437?
False
Does 28 divide 8630860?
True
Is 6778520 a multiple of 43?
True
Is 1328497 a multiple of 10?
False
Is 5500616 a multiple of 88?
True
Is 20794 a multiple of 89?
False
Is 61285 a multiple of 103?
True
Is 91 a factor of 140777?
True
Does 2 divide 13986?
True
Is 37856 a multiple of 14?
True
Is 660764 a multiple of 262?
True
Is 37619 a multiple of 11?
False
Is 9 a factor of 10652587?
False
Does 64 divide 188439?
False
Is 195 a factor of 385822?
False
Is 34 a factor of 4040299?
False
Does 2 divide 299413?
False
Does 96 divide 115392?
True
Is 87 a factor of 128586?
True
Does 539 divide 1495186?
True
Is 174 a factor of 8893150?
False
Does 16 divide 1747472?
True
Does 46 divide 13386?
True
Does 835 divide 3594675?
True
Is 2859088 a multiple of 16?
True
Is 14 a factor of 3755636?
False
Is 402876 a multiple of 228?
True
Is 199 a factor of 159606?
False
Is 2032944 a multiple of 1033?
True
Is 1130 a factor of 6851190?
True
Does 319 divide 849480?
False
Is 10 a factor of 2502760?
True
Is 23 a factor of 2435953?
True
Does 91 divide 728819?
True
Is 4 a factor of 18342?
False
Is 64485 a multiple of 170?
False
Is 40 a factor of 98221?
False
Is 9 a factor of 292572?
True
Is 73 a factor of 62269?
True
Is 969482 a multiple of 145?
False
Is 5 a factor of 384795?
True
Is 210847 a multiple of 331?
True
Does 25 divide 1202119?
False
Is 21053046 a multiple of 49?
True
Is 579 a factor of 17127978?
True
Does 22 divide 152770?
False
Is 68 a factor of 52549?
False
Does 18 divide 262692?
True
Is 1964723 a multiple of 22?
False
Is 30 a factor of 472237?
False
Is 7154 a multiple of 49?
True
Is 3143028 a multiple of 119?
True
Is 18 a factor of 18846?
True
Does 71 divide 430189?
True
Does 164 divide 423427?
False
Does 31 divide 3001110?
True
Is 962 a factor of 1718449?
False
Does 3 divide 54243?
True
Is 621 a factor of 2488968?
True
Is 16158018 a multiple of 298?
False
Is 962340 a multiple of 30?
True
Is 1061610 a multiple of 11?
True
Is 18 a factor of 114786?
True
Does 571 divide 3912940?
False
Is 93951 a multiple of 430?
False
Does 79 divide 79694?
False
Does 34 divide 3366944?
False
Is 9 a factor of 39118?
False
Is 902702 a multiple of 7?
False
Does 220 divide 226955?
False
Does 29 divide 447668?
False
Does 12 divide 440820?
True
Is 629 a factor of 14110270?
False
Does 20 divide 336849?
False
Does 59 divide 11485856?
False
Does 22 divide 180466?
True
Is 248 a factor of 1900318?
False
Is 2034944 a multiple of 139?
False
Does 43 divide 169850?
True
Does 2 divide 9808?
True
Does 35 divide 2140460?
True
Is 555778 a multiple of 17?
False
Does 5 divide 68900?
True
Is 2123905 a multiple of 476?
False
Is 7 a factor of 1580177?
False
Does 27 divide 46985?
False
Is 14421 a multiple of 19?
True
Is 441 a factor of 1580727?
False
Is 2732658 a multiple of 31?
False
Is 13309121 a multiple of 246?
False
Is 16 a factor of 42352?
True
Does 18 divide 116082?
True
Is 60312 a multiple of 14?
True
Is 78 a factor of 56850?
False
Is 155 a factor of 186775?
True
Is 4 a factor of 700964?
True
Does 7 divide 8609279?
True
Does 391 divide 7246012?
True
Is 66052 a multiple of 188?
False
Is 87535 a multiple of 305?
True
Is 28538 a multiple of 14?
False
Does 200 divide 24798200?
True
Is 254873 a multiple of 26?
False
Is 18396438 a multiple of 97?
True
Does 6 divide 108923?
False
Does 27 divide 81675?
True
Is 159 a factor of 4589423?
False
Is 239726 a multiple of 6?
False
Is 375496 a multiple of 14?
False
Is 316 a factor of 546364?
True
Does 299 divide 1332344?
True
Is 613107 a multiple of 2?
False
Is 367482 a multiple of 213?
False
Is 24 a factor of 42522?
False
Is 1750310 a multiple of 766?
True
Is 542 a factor of 2035210?
True
Does 14 divide 17033181?
False
Is 22 a factor of 4767752?
True
Is 28 a factor of 495656?
True
Does 99 divide 1696101?
False
Does 56 divide 172368?
True
Does 19 divide 1111?
False
Is 86 a factor of 274878?
False
Is 5 a factor of 498827?
False
Is 29241 a multiple of 19?
True
Does 2 divide 80671?
False
Is 264 a factor of 620050?
False
Is 81 a factor of 1974213?
True
Is 74430 a multiple of 16?
False
Is 1337880 a multiple of 40?
True
Is 8957676 a multiple of 15?
False
Does 6 divide 12176051?
False
Is 14 a factor of 126539?
False
Does 16 divide 262688?
True
Does 22 divide 590855?
False
Is 9 a factor of 48996?
True
Does 618 divide 22817?
False
Is 28 a factor of 153019?
False
Does 15 divide 147394?
False
Does 465 divide 63240?
True
Is 45 a factor of 181577?
False
Is 36129057 a multiple of 111?
True
Is 3731072 a multiple of 972?
False
Is 7196567 a multiple of 2044?
False
Is 24935 a multiple of 77?
False
Is 1013164 a multiple of 482?
True
Does 78 divide 12586404?
False
Is 7178 a multiple of 22?
False
Is 56 a factor of 79128?
True
Does 52 divide 228748?
True
Is 81344 a multiple of 82?
True
Is 65 a factor of 2747?
False
Does 393 divide 3453684?
True
Does 24 divide 1367808?
True
Does 3 divide 705?
True
Is 8826724 a multiple of 598?
False
Does 5 divide 1302?
False
Is 9785880 a multiple of 130?
True
Is 671760 a multiple of 108?
True
Does 105 divide 664440?
True
Is 119556 a multiple of 54?
True
Is 410541 a multiple of 487?
True
Is 3 a factor of 405824?
False
Is 145920 a multiple of 57?
True
Is 155155 a multiple of 11?
True
Does 28 divide 381192?
True
Is 355 a factor of 2137116?
False
Does 10 divide 15479?
False
Is 317 a factor of 2645048?
True
Is 338832 a multiple of 104?
True
Is 54 a factor of 9470801?
False
Is 32508 a multiple of 63?
True
Does 175 divide 403725?
True
Is 20 a factor of 4482044?
False
Is 521 a factor of 2908743?
True
Is 75 a factor of 850553?
False
Does 83 divide 1317127?
True
Does 8 divide 2324088?
True
Is 361335 a multiple of 51?
True
Is 601 a factor of 24346569?
False
Is 198645 a multiple of 123?
True
Is 28120 a multiple of 20?
True
Is 50 a factor of 14300?
True
Is 803528 a multiple of 253?
True
Does 16 divide 1624799?
False
Does 93 divide 100586?
False
Is 80 a factor of 16633120?
True
Is 59048 a multiple of 22?
True
Is 7 a factor of 534966?
False
Is 704 a factor of 131713?
False
Does 132 divide 10790472?
True
Is 200 a factor of 118600?
True
Is 711908 a multiple of 911?
False
Does 5 divide 28133?
False
Is 2488320 a multiple of 16?
True
Is 2320 a multiple of 29?
True
Does 14 divide 23358?
False
Does 37 divide 5539764?
False
Is 148626 a multiple of 20?
False
Does 72 divide 255432?
False
Does 48 divide 414352?
False
Is 1767007 a multiple of 11?
True
Is 46958 a multiple of 47?
False
Is 348 a factor of 2607070?
False
Does 7 divide 56864?
False
Does 28 divide 471464?
True
Is 271 a factor of 2814335?
True
Is 12 a factor of 449520?
True
Is 7 a factor of 2785626?
False
Is 26 a factor of 82895?
False
Is 7616400 a multiple of 30?
True
Does 512 divide 15372800?
True
Is 302 a factor of 20712670?
True
Does 194 divide 189926?
True
Is 161 a factor of 19407?
False
Is 26 a factor of 93470?
True
Is 240 a factor of 17534?
False
Is 34 a factor of 808350?
True
Does 305 divide 279255?
False
Does 189 divide 8820552?
False
Does 15 divide 623715?
True
Does 13 divide 1082588?
True
Is 30639 a multiple of 7?
True
Does 19 divide 354540?
True
Is 80323 a multiple of 47?
True
Does 1320 divide 4939826?
False
Is 1704330 a multiple of 53?
False
Is 145 a factor of 65608?
False
Is 76 a factor of 346484?
True
Is 15 a factor of 191899?
False
Is 188 a factor of 193264?
True
Is 178351 a multiple of 97?
False
Is 754851 a multiple of 969?
True
Is 508585 a multiple of 77?
True
Does 57 divide 166269?
True
Does 195 divide 1008026?
False
Does 371 divide 882238?
True
Is 378 a factor of 1834013?
False
Does 374 divide 198968?
True
Does 159 divide 168013?
False
Is 3 a factor of 3415476?
True
Does 12 divide 6236589?
False
Is 117596 a multiple of 338?
False
Is 33 a factor of 97581?
True
Is 244 a factor of 184952?
True
Is 26 a factor of 253741?
False
Is 21 a factor of 342741?
True
Is 23 a factor